- 5. Determine s(5).
-25
Let w(i) = i**2 + 13*i. Calculate w(-9).
-36
Let t(r) = -3*r - 11. What is t(-7)?
10
Let t(h) = -4*h + 5. Give t(6).
-19
Let i(u) = -u**3 + 8*u**2 - 16*u + 11. What is i(6)?
-13
Let n(l) = -l**3 - 12*l**2 + 5*l + 48. Determine n(-12).
-12
Let w(v) = 4*v**2 - 3. Determine w(-3).
33
Let x(n) = 2*n**2 - 3*n - 3. Give x(-6).
87
Let h(i) = -5*i**2 + 1. Give h(4).
-79
Let p(s) = -s**3 + 6*s**2 + 4*s + 16. Calculate p(7).
-5
Let s(h) = -114*h + 1259. Calculate s(11).
5
Let d(s) = -4*s - 6. Calculate d(-2).
2
Let l(j) = -4*j**2 - 50*j - 15. Give l(-10).
85
Let j(r) = r**2 + 18*r - 7. What is j(-18)?
-7
Let g(m) = m - 1. Calculate g(-4).
-5
Let k(i) = 13*i - 21. What is k(2)?
5
Let y(q) = -7*q**2 + 2*q + 2. Give y(-1).
-7
Let k(f) = -148*f + 1333. Determine k(9).
1
Let n(u) = u**2 - 8*u + 13. Give n(2).
1
Let x(z) = -4*z**2 - 4*z - 3. Determine x(-2).
-11
Let g(a) = -11*a + 61. Determine g(4).
17
Let f(k) = -2*k**2 + k + 11. What is f(0)?
11
Let j(h) = 2*h**3 - 2*h + 2. Calculate j(1).
2
Let m(o) = -o**3 - 4*o**2 - 9*o - 13. What is m(-2)?
-3
Let v(t) = -6*t**2 + t + 2. Calculate v(-1).
-5
Let p(g) = -2*g - 22. Give p(-19).
16
Let i(p) = -p**3 - 7*p**2 - 4*p + 3. Calculate i(-7).
31
Let c(d) = -2*d - 29. Give c(-15).
1
Let o(x) = -5*x + 79. What is o(16)?
-1
Let g(p) = -7*p + 80. Determine g(11).
3
Let m(d) = d**3 - 11*d**2 + 17*d + 13. Calculate m(9).
4
Let r(y) = y**3 - 4*y**2 + 14*y - 11. What is r(1)?
0
Let d(k) = -72*k - 434. Determine d(-6).
-2
Let l(a) = 6*a + 49. Determine l(-7).
7
Let q(w) = -w**2 + 9. Determine q(-5).
-16
Let i(l) = l**3 + 7*l**2 + 8*l + 10. Give i(-6).
-2
Let t(y) = y**2 + 18*y + 70. Determine t(-4).
14
Let o(w) = -w**3 + 4*w**2 + 4*w - 7. Give o(5).
-12
Let l(a) = 4*a**3 - a**2 - 2*a. Give l(-1).
-3
Let l(z) = -z**3 + 11*z**2 + z - 15. What is l(11)?
-4
Let u(o) = 4*o + 145. Determine u(-34).
9
Let o(k) = -12*k + 150. Calculate o(14).
-18
Let q(v) = -v**2 - 16*v - 2. Give q(-7).
61
Let x(p) = 2*p**2 - 18*p + 18. Determine x(11).
62
Let j(y) = -4*y. Calculate j(2).
-8
Let v(f) = 2*f**3 - 2*f**2 + 9. Calculate v(0).
9
Let v(f) = -2*f**2 - 22*f + 21. What is v(-12)?
-3
Let l(n) = -7*n + 26. What is l(5)?
-9
Let h(z) = -z**2 - 4*z + 9. Determine h(5).
-36
Let z(b) = -b**2 - b - 13. Determine z(-6).
-43
Let d(r) = -r**2 + 41*r + 391. What is d(-8)?
-1
Let i(o) = o**3 - 25*o**2 + 25*o - 41. Determine i(24).
-17
Let q(c) = 28*c - 23. What is q(2)?
33
Let m(s) = -3*s - 67. Determine m(-21).
-4
Let q(l) = l**3 + 5*l**2 - 9*l - 4. What is q(-6)?
14
Let s(j) = j**3 + 3*j**2 - 10*j - 26. Give s(-7).
-152
Let r(x) = -x**3 - 8*x**2 - 11*x + 17. Calculate r(-6).
11
Let o(i) = i**3 + 4*i**2 + 2*i + 1. Give o(-4).
-7
Let p(l) = -2*l**2 + 20*l - 1. Determine p(10).
-1
Let g(f) = -f**3 - 20*f**2 - 3*f - 30. What is g(-20)?
30
Let v(w) = -3*w + 1. What is v(5)?
-14
Let d(g) = -20*g - 17. Give d(-1).
3
Let x(z) = -34*z - 139. What is x(-4)?
-3
Let z(q) = 5*q - 66. Give z(16).
14
Let z(l) = -l**3 + 5*l**2 + 6*l + 5. Give z(6).
5
Let c(v) = 10*v**3 + 2*v**2 - 2*v - 1. Give c(-2).
-69
Let j(m) = 7*m**3 + m**2 - m - 1. Calculate j(-1).
-6
Let u(m) = 24*m**3 - m**2 - m - 1. What is u(-1)?
-25
Let l(p) = p**2 - 19*p - 2. What is l(17)?
-36
Let c(r) = 14*r - 134. Calculate c(9).
-8
Let l(s) = s + 24. Calculate l(-14).
10
Let o(h) = -122*h**3 - 2*h**2 - 4*h - 2. Determine o(-1).
122
Let r(f) = f**2 + 14*f - 2. What is r(-15)?
13
Let d(b) = -8*b + 189. Calculate d(24).
-3
Let g(b) = -b**3 - 6*b**2 + 6*b - 1. Calculate g(-7).
6
Let f(o) = 2*o**2 + 6*o + 13. Determine f(-3).
13
Let f(i) = i**3 + 8*i**2 + i - 7. Determine f(-6).
59
Let f(d) = -2*d**2 + d + 71. Give f(6).
5
Let a(l) = 4*l - 1. Determine a(-1).
-5
Let y(i) = 3*i**3 + 23*i**2 + 11*i - 3. Calculate y(-7).
18
Let s(f) = f**3 + 4*f**2 - 3*f + 4. What is s(-4)?
16
Let q(y) = -8*y. What is q(-5)?
40
Let q(t) = -t**3 - 3*t**2 + 42*t - 1. Give q(-8).
-17
Let c(m) = -m + 10. Give c(-16).
26
Let d(x) = -3*x**2 - 2. Calculate d(-2).
-14
Let n(i) = i**2 - 11*i + 19. What is n(9)?
1
Let c(v) = 2*v**2 - 11*v - 57. Determine c(11).
64
Let y(i) = -3*i**3 - 3*i**2 - i - 2. Determine y(-2).
12
Let g(f) = f**2 + 6*f - 5. Determine g(-7).
2
Let m(p) = 2*p + 54. Calculate m(9).
72
Let y(f) = -4*f + 13. Give y(9).
-23
Let h(f) = -2*f + 15. Determine h(-2).
19
Let o(d) = 3*d + 30. Give o(-15).
-15
Let b(z) = -3*z**2 - 62*z + 69. What is b(-22)?
-19
Let p(b) = -37*b**2 - 2*b - 3. What is p(-1)?
-38
Let x(h) = 8*h + 3. Determine x(3).
27
Let b(i) = i**3 - 8*i**2 - i + 17. Determine b(8).
9
Let q(h) = 7*h**2 + 11*h + 30. Calculate q(-4).
98
Let n(s) = -15*s + 118. Calculate n(10).
-32
Let f(h) = -5*h**2 + 12*h + 24. Determine f(-3).
-57
Let h(c) = c**3 + 9*c**2 - 3. Give h(-9).
-3
Let b(x) = 17*x - 1. Give b(1).
16
Let v(f) = f**2 - 17*f + 78. Calculate v(9).
6
Let n(w) = -26*w - 2. Determine n(0).
-2
Let w(q) = -8*q + 6. Give w(15).
-114
Let k(x) = -x**3 - 8*x**2 + 31*x - 13. Calculate k(-11).
9
Let y(l) = -4*l**2 - 14*l + 1. Give y(-6).
-59
Let u(i) = 4*i - 15. What is u(1)?
-11
Let d(v) = v**3 + 4*v**2 - v + 5. Give d(-4).
9
Let k(z) = -z**3 + 4*z**2 - 2*z - 3. What is k(5)?
-38
Let l(v) = -v**2 + 7*v + 12. Give l(9).
-6
Let l(g) = -4*g - 1. Determine l(1).
-5
Let g(k) = k**3 - 7*k**2 - 8*k + 12. Determine g(8).
12
Let d(m) = -5*m**2 - 2*m - 1. Give d(-1).
-4
Let d(o) = -o**3 - 3*o**2 + 4*o - 4. What is d(-5)?
26
Let d(c) = -5*c**2 + 25*c + 2. Give d(5).
2
Let m(y) = y - 23. Calculate m(28).
5
Let c(f) = 9*f + 30. Calculate c(-6).
-24
Let n(p) = -p**3 - 3*p**2 + 2*p + 3. Give n(-4).
11
Let f(g) = -2*g + 5. Calculate f(8).
-11
Let u(a) = -a**3 - 15*a**2 - 11*a + 37. Calculate u(-14).
-5
Let h(r) = -10*r**2 - 5*r. What is h(-1)?
-5
Let y(h) = 3*h + 64. Calculate y(0).
64
Let j(k) = k**2 + 10*k - 50. Give j(-14).
6
Let l(t) = t**2 + 1. What is l(-1)?
2
Let j(w) = 4*w - 3. Calculate j(-1).
-7
Let k(f) = 3*f - 3. Determine k(2).
3
Let n(s) = 8*s**3 - s**2 + s + 1. Give n(1).
9
Let x(r) = -r + 2. Determine x(7).
-5
Let b(a) = 2*a + 32. Determine b(-15).
2
Let d(y) = -15*y - 64. Calculate d(-5).
11
Let r(h) = -h**2 + 64*h - 710. Give r(50).
-10
Let a(o) = -o**3 + 10*o**2 - 17*o + 14. What is a(8)?
6
Let s(n) = -n**3 - 6*n**2 - 2*n + 2. Give s(-5).
-13
Let t(u) = -2*u**2 - 13*u - 20. Determine t(-2).
-2
Let d(v) = -v**3 - 7*v**2 + 11*v + 9. What is d(-8)?
-15
Let c(i) = 28*i - 52. What is c(3)?
32
Let m(c) = c - 19. Give m(14).
-5
Let g(d) = -9*d - 16. Give g(-2).
2
Let u(q) = q**2 - 4*q - 5. Determine u(5).
0
Let x(r) = -r**2 + 3*r + 26. Calculate x(7).
-2
Let j(z) = -z**3 - z**2 + 3*z - 1. Determine j(2).
-7
Let y(s) = 54*s + 13. What is y(-2)?
-95
Let f(u) = 42*u + 124. Calculate f(-3).
-2
Let a(i) = i - 53. Determine a(11).
-42
Let c(u) = -3*u**2 + 6*u + 3. Calculate c(3).
-6
Let n(v) = -3*v**3 - 8*v**2 + 5*v + 2. Calculate n(-3).
-4
Let l(o) = o**3 + 4*o - 147. What is l(0)?
-147
Let j(h) = -h**3 - 3*h**2 - 2*h - 3. Give j(-3).
3
Let v(b) = -b**3 + 20*b**2 - 63*b - 9. Give v(4).
-5
Let h(i) = -2*i**2 - 2*i + 10. Calculate h(2).
-2
Let p(y) = y**3 - 3*y**2 - 10*y - 1. Calculate p(5).
-1
Let t(i) = -2*i**2 + 11*i + 12. Determine t(-1).
-1
Let k(z) = -z**2 + 3*z. Give k(8).
-40
Let y(p) = p + 3. Give y(-10).
-7
Let g(k) = k**3 - 10*k**2 - 6*k - 62. Give g(11).
-7
Let o(m) = m**3 + 5*m**2 + 2*m - 3. Calculate o(-3).
9
Let w(a) = a**3 - 7*a**2 + 7*a + 1. Calculate w(5).
-14
Let c(w) = -2*w + 1. What is c(-5)?
11
Let k(z) = -z**2 - 13*z - 39. Determine k(-9).
-3
Let i(m) = 3*m. What is i(-16)?
-48
Let a(x) = -x**3 - 4*x**2 - 3*x + 4. Determine a(-4).
16
Let b(v) = -19*v**2 - 152*v - 5. Calculate b(-8).
-5
Let f(b) = -8*b**3 + 3*b - 3. What is f(1)?
-8
Let p(w) = -w**2 + w - 6. Determine p(0).
-6
Let q(x) = -23*x - 77. Give q(-3).
-8
Let r(y) = -95*y + 760. What is r(8)?
0
Let n(q) = 4*q**2 + 75*q - 22. What is n(-19)?
-3
Let b(y) = -y**3 - y**2 + 5*y - 3. What is b(3)?
-24
Let f(i) = 2*i**2 + 2*i - 6. What is f(3)?
18
Let l(z) = z**3 - 64*z**2 + z - 57. Determine l(64).
7
Let a(q) = -2*q + 2. What is a(-4)?
10
Let f(v) = 10*v + 1. Determine f(1).
11
Let s(z) = z**3 + 10*z**2 + 6*z + 3. What is s(-9)?
30
Let d(p) = p**2 - 45*p + 221. Determine d(6).
-13
Let x(r) = 14*r**3 + r**2 - 2*r + 1. Give